{"id":941,"date":"2025-05-12T16:54:01","date_gmt":"2025-05-12T16:54:01","guid":{"rendered":"https:\/\/tesol-hungary.org\/?page_id=941"},"modified":"2025-09-17T16:45:23","modified_gmt":"2025-09-17T16:45:23","slug":"bloom-35th-annual-conference","status":"publish","type":"page","link":"https:\/\/tesol-hungary.org\/?page_id=941","title":{"rendered":"Bloom &#8211; 35th Annual Conference"},"content":{"rendered":"\n<h2 class=\"wp-block-heading\"><strong><img decoding=\"async\" src=\"https:\/\/fonts.gstatic.com\/s\/e\/notoemoji\/16.0\/1f338\/32.png\" alt=\"\ud83c\udf38\"><\/strong>BLOOM Conference | October 3-5<img decoding=\"async\" src=\"https:\/\/fonts.gstatic.com\/s\/e\/notoemoji\/16.0\/1f338\/32.png\" alt=\"\ud83c\udf38\"><\/h2>\n\n\n\n<p>We are getting closer and closer to the conference we have been waiting for! &nbsp;<img decoding=\"async\" alt=\"\ud83c\udf38\" src=\"https:\/\/fonts.gstatic.com\/s\/e\/notoemoji\/16.0\/1f338\/32.png\"><img decoding=\"async\" alt=\"\ud83c\udf38\" src=\"https:\/\/fonts.gstatic.com\/s\/e\/notoemoji\/16.0\/1f338\/32.png\"><\/p>\n\n\n\n<p>Did you know? By joining us, you\u2019ll experience<strong>&nbsp;3<\/strong>&nbsp;unforgettable days filled with:<\/p>\n\n\n\n<p><strong>56<\/strong>&nbsp;hands-on workshops<br><strong>4<\/strong>&nbsp;inspiring plenary sessions<\/p>\n\n\n\n<p><strong>3&nbsp;<\/strong>energising coffee breaks<\/p>\n\n\n\n<p>\u2026 and so much more! Enjoy a sandwich lunch on Saturday, take part in fun social programmes, meet our exhibitors, explore the raffle, and take home a conference bag packed with goodies!<\/p>\n\n\n\n<p>Here is some feedback from last year\u2019s conference:<\/p>\n\n\n\n<p><em>\u201cThis event was a meticulously organized and executed effort by the entire TESOL-Hungary team. Thank you for your dedication and commitment. It was an honor to be part of this experience with you.\u201d<\/em><\/p>\n\n\n\n<p>\u201c<em>This was my first TESOL conference, and I am thrilled with the organization, topics, speakers, networking, and overall atmosphere. Every small detail has been taken into account. Thank you very much!\u201d<\/em><\/p>\n\n\n\n<p><em>\u201cWhat a fantastic conference! I was thrilled to participate. I was particularly impressed by the organization; everything ran smoothly, creating a seamless and motivating experience. The speakers were engaging, and the topics presented were highly relevant and inspiring for English teachers.Thank you for an unforgettable experience. I look forward to future events.\u201d<\/em><\/p>\n\n\n\n<p>It\u2019s still not late to&nbsp;<strong>register<\/strong>! Don\u2019t miss this thriving opportunity and join us in Si\u00f3fok for a weekend of professional growth,&nbsp;fresh ideas, and meaningful connections.<\/p>\n\n\n\n<p>Get immersed in our special newsletter and stay up to date with everything related to the\u00a0<strong>BLOOM Conference<\/strong>!<\/p>\n\n\n\n<h2 class=\"wp-block-heading\"><img decoding=\"async\" src=\"https:\/\/fonts.gstatic.com\/s\/e\/notoemoji\/16.0\/1f338\/32.png\" alt=\"\ud83c\udf38\">Social events<img decoding=\"async\" src=\"https:\/\/fonts.gstatic.com\/s\/e\/notoemoji\/16.0\/1f338\/32.png\" alt=\"\ud83c\udf38\"><\/h2>\n\n\n\n<figure class=\"wp-block-image size-large\"><img fetchpriority=\"high\" decoding=\"async\" width=\"819\" height=\"1024\" src=\"https:\/\/tesol-hungary.org\/wp-content\/uploads\/2025\/09\/TESOL-Game-Night-819x1024.jpg\" alt=\"\" class=\"wp-image-997\" srcset=\"https:\/\/tesol-hungary.org\/wp-content\/uploads\/2025\/09\/TESOL-Game-Night-819x1024.jpg 819w, https:\/\/tesol-hungary.org\/wp-content\/uploads\/2025\/09\/TESOL-Game-Night-240x300.jpg 240w, https:\/\/tesol-hungary.org\/wp-content\/uploads\/2025\/09\/TESOL-Game-Night-768x960.jpg 768w, https:\/\/tesol-hungary.org\/wp-content\/uploads\/2025\/09\/TESOL-Game-Night-1229x1536.jpg 1229w, https:\/\/tesol-hungary.org\/wp-content\/uploads\/2025\/09\/TESOL-Game-Night-1638x2048.jpg 1638w, https:\/\/tesol-hungary.org\/wp-content\/uploads\/2025\/09\/TESOL-Game-Night-300x375.jpg 300w, https:\/\/tesol-hungary.org\/wp-content\/uploads\/2025\/09\/TESOL-Game-Night-850x1063.jpg 850w, https:\/\/tesol-hungary.org\/wp-content\/uploads\/2025\/09\/TESOL-Game-Night-scaled.jpg 2048w\" sizes=\"(max-width: 819px) 100vw, 819px\" \/><\/figure>\n\n\n\n<figure class=\"wp-block-image size-large\"><img decoding=\"async\" width=\"1024\" height=\"1024\" src=\"https:\/\/tesol-hungary.org\/wp-content\/uploads\/2025\/09\/TESOL-Morning-Yoga-1024x1024.jpg\" alt=\"\" class=\"wp-image-1002\" srcset=\"https:\/\/tesol-hungary.org\/wp-content\/uploads\/2025\/09\/TESOL-Morning-Yoga-1024x1024.jpg 1024w, https:\/\/tesol-hungary.org\/wp-content\/uploads\/2025\/09\/TESOL-Morning-Yoga-300x300.jpg 300w, https:\/\/tesol-hungary.org\/wp-content\/uploads\/2025\/09\/TESOL-Morning-Yoga-150x150.jpg 150w, https:\/\/tesol-hungary.org\/wp-content\/uploads\/2025\/09\/TESOL-Morning-Yoga-768x768.jpg 768w, https:\/\/tesol-hungary.org\/wp-content\/uploads\/2025\/09\/TESOL-Morning-Yoga-1536x1536.jpg 1536w, https:\/\/tesol-hungary.org\/wp-content\/uploads\/2025\/09\/TESOL-Morning-Yoga-2048x2048.jpg 2048w, https:\/\/tesol-hungary.org\/wp-content\/uploads\/2025\/09\/TESOL-Morning-Yoga-850x850.jpg 850w\" sizes=\"(max-width: 1024px) 100vw, 1024px\" \/><\/figure>\n\n\n\n<h2 class=\"wp-block-heading\"><img decoding=\"async\" src=\"https:\/\/fonts.gstatic.com\/s\/e\/notoemoji\/16.0\/1f338\/32.png\" alt=\"\ud83c\udf38\">Sponsors and exhibitors you can meet in person<img decoding=\"async\" src=\"https:\/\/fonts.gstatic.com\/s\/e\/notoemoji\/16.0\/1f338\/32.png\" alt=\"\ud83c\udf38\"><\/h2>\n\n\n\n<h2 class=\"wp-block-heading\"><strong>UCCU Alap\u00edtv\u00e1ny<\/strong><\/h2>\n\n\n\n<figure class=\"wp-block-image size-large\"><img decoding=\"async\" width=\"819\" height=\"1024\" src=\"https:\/\/tesol-hungary.org\/wp-content\/uploads\/2025\/09\/Uccu-Alapitvany-819x1024.jpg\" alt=\"\" class=\"wp-image-1010\" srcset=\"https:\/\/tesol-hungary.org\/wp-content\/uploads\/2025\/09\/Uccu-Alapitvany-819x1024.jpg 819w, https:\/\/tesol-hungary.org\/wp-content\/uploads\/2025\/09\/Uccu-Alapitvany-240x300.jpg 240w, https:\/\/tesol-hungary.org\/wp-content\/uploads\/2025\/09\/Uccu-Alapitvany-768x960.jpg 768w, https:\/\/tesol-hungary.org\/wp-content\/uploads\/2025\/09\/Uccu-Alapitvany-1229x1536.jpg 1229w, https:\/\/tesol-hungary.org\/wp-content\/uploads\/2025\/09\/Uccu-Alapitvany-1638x2048.jpg 1638w, https:\/\/tesol-hungary.org\/wp-content\/uploads\/2025\/09\/Uccu-Alapitvany-300x375.jpg 300w, https:\/\/tesol-hungary.org\/wp-content\/uploads\/2025\/09\/Uccu-Alapitvany-850x1063.jpg 850w, https:\/\/tesol-hungary.org\/wp-content\/uploads\/2025\/09\/Uccu-Alapitvany-scaled.jpg 2048w\" sizes=\"(max-width: 819px) 100vw, 819px\" \/><\/figure>\n\n\n\n<h2 class=\"wp-block-heading\"><strong>Felel\u0151s Sz\u00fcl\u0151k Iskol\u00e1ja<\/strong><\/h2>\n\n\n\n<figure class=\"wp-block-image size-large\"><img loading=\"lazy\" decoding=\"async\" width=\"819\" height=\"1024\" src=\"https:\/\/tesol-hungary.org\/wp-content\/uploads\/2025\/09\/felelos-szulok-workshop-1-819x1024.jpg\" alt=\"\" class=\"wp-image-993\" srcset=\"https:\/\/tesol-hungary.org\/wp-content\/uploads\/2025\/09\/felelos-szulok-workshop-1-819x1024.jpg 819w, https:\/\/tesol-hungary.org\/wp-content\/uploads\/2025\/09\/felelos-szulok-workshop-1-240x300.jpg 240w, https:\/\/tesol-hungary.org\/wp-content\/uploads\/2025\/09\/felelos-szulok-workshop-1-768x960.jpg 768w, https:\/\/tesol-hungary.org\/wp-content\/uploads\/2025\/09\/felelos-szulok-workshop-1-1229x1536.jpg 1229w, https:\/\/tesol-hungary.org\/wp-content\/uploads\/2025\/09\/felelos-szulok-workshop-1-1638x2048.jpg 1638w, https:\/\/tesol-hungary.org\/wp-content\/uploads\/2025\/09\/felelos-szulok-workshop-1-300x375.jpg 300w, https:\/\/tesol-hungary.org\/wp-content\/uploads\/2025\/09\/felelos-szulok-workshop-1-850x1063.jpg 850w, https:\/\/tesol-hungary.org\/wp-content\/uploads\/2025\/09\/felelos-szulok-workshop-1-scaled.jpg 2048w\" sizes=\"(max-width: 819px) 100vw, 819px\" \/><\/figure>\n\n\n\n<ul class=\"wp-block-list\">\n<li class=\"has-medium-font-size\">MM publications<\/li>\n\n\n\n<li class=\"has-medium-font-size\">SOL<\/li>\n\n\n\n<li class=\"has-medium-font-size\">Express Publishing<\/li>\n\n\n\n<li class=\"has-medium-font-size\">Tan\u00e1rtov\u00e1bbk\u00e9pz\u00e9s<\/li>\n\n\n\n<li class=\"has-medium-font-size\">ELTE Orig\u00f3<\/li>\n\n\n\n<li class=\"has-medium-font-size\">Grade Education Centre<\/li>\n\n\n\n<li class=\"has-medium-font-size\">Lexika kiad\u00f3<\/li>\n<\/ul>\n\n\n\n<p><\/p>\n","protected":false},"excerpt":{"rendered":"<p>BLOOM Conference | October 3-5 We are getting closer and closer to the conference we have been waiting for! &nbsp; Did you know? By joining us, you\u2019ll experience&nbsp;3&nbsp;unforgettable days filled with: 56&nbsp;hands-on&#8230;<\/p>\n","protected":false},"author":2,"featured_media":0,"parent":0,"menu_order":0,"comment_status":"closed","ping_status":"closed","template":"","meta":{"footnotes":""},"class_list":["post-941","page","type-page","status-publish","hentry"],"_links":{"self":[{"href":"https:\/\/tesol-hungary.org\/index.php?rest_route=\/wp\/v2\/pages\/941","targetHints":{"allow":["GET"]}}],"collection":[{"href":"https:\/\/tesol-hungary.org\/index.php?rest_route=\/wp\/v2\/pages"}],"about":[{"href":"https:\/\/tesol-hungary.org\/index.php?rest_route=\/wp\/v2\/types\/page"}],"author":[{"embeddable":true,"href":"https:\/\/tesol-hungary.org\/index.php?rest_route=\/wp\/v2\/users\/2"}],"replies":[{"embeddable":true,"href":"https:\/\/tesol-hungary.org\/index.php?rest_route=%2Fwp%2Fv2%2Fcomments&post=941"}],"version-history":[{"count":2,"href":"https:\/\/tesol-hungary.org\/index.php?rest_route=\/wp\/v2\/pages\/941\/revisions"}],"predecessor-version":[{"id":1011,"href":"https:\/\/tesol-hungary.org\/index.php?rest_route=\/wp\/v2\/pages\/941\/revisions\/1011"}],"wp:attachment":[{"href":"https:\/\/tesol-hungary.org\/index.php?rest_route=%2Fwp%2Fv2%2Fmedia&parent=941"}],"curies":[{"name":"wp","href":"https:\/\/api.w.org\/{rel}","templated":true}]}}