{"id":84,"date":"2022-07-11T08:58:37","date_gmt":"2022-07-11T08:58:37","guid":{"rendered":"http:\/\/uj.iatefl.hu\/?page_id=84"},"modified":"2022-10-08T16:14:12","modified_gmt":"2022-10-08T16:14:12","slug":"programme","status":"publish","type":"page","link":"https:\/\/tesol-hungary.org\/?page_id=84","title":{"rendered":"Programme"},"content":{"rendered":"\n<div data-wp-interactive=\"core\/file\" class=\"wp-block-file\"><object data-wp-bind--hidden=\"!state.hasPdfPreview\" hidden class=\"wp-block-file__embed\" data=\"https:\/\/iatefl.hu\/wp-content\/uploads\/2022\/10\/IATEFL_October-22-final-prog-4.pdf\" type=\"application\/pdf\" style=\"width:100%;height:600px\" aria-label=\"IATEFL_October-22-final-prog-4 be\u00e1gyaz\u00e1sa be\u00e1gyaz\u00e1sa\"><\/object><a id=\"wp-block-file--media-55d5e16a-3368-44b8-b203-76f202cbcfbc\" href=\"https:\/\/iatefl.hu\/wp-content\/uploads\/2022\/10\/IATEFL_October-22-final-prog-4.pdf\">IATEFL_October-22-final-prog-4<\/a><a href=\"https:\/\/iatefl.hu\/wp-content\/uploads\/2022\/10\/IATEFL_October-22-final-prog-4.pdf\" class=\"wp-block-file__button\" download aria-describedby=\"wp-block-file--media-55d5e16a-3368-44b8-b203-76f202cbcfbc\">Let\u00f6lt\u00e9s<\/a><\/div>\n","protected":false},"excerpt":{"rendered":"","protected":false},"author":1,"featured_media":0,"parent":0,"menu_order":0,"comment_status":"closed","ping_status":"closed","template":"","meta":{"footnotes":""},"class_list":["post-84","page","type-page","status-publish","hentry"],"_links":{"self":[{"href":"https:\/\/tesol-hungary.org\/index.php?rest_route=\/wp\/v2\/pages\/84","targetHints":{"allow":["GET"]}}],"collection":[{"href":"https:\/\/tesol-hungary.org\/index.php?rest_route=\/wp\/v2\/pages"}],"about":[{"href":"https:\/\/tesol-hungary.org\/index.php?rest_route=\/wp\/v2\/types\/page"}],"author":[{"embeddable":true,"href":"https:\/\/tesol-hungary.org\/index.php?rest_route=\/wp\/v2\/users\/1"}],"replies":[{"embeddable":true,"href":"https:\/\/tesol-hungary.org\/index.php?rest_route=%2Fwp%2Fv2%2Fcomments&post=84"}],"version-history":[{"count":9,"href":"https:\/\/tesol-hungary.org\/index.php?rest_route=\/wp\/v2\/pages\/84\/revisions"}],"predecessor-version":[{"id":324,"href":"https:\/\/tesol-hungary.org\/index.php?rest_route=\/wp\/v2\/pages\/84\/revisions\/324"}],"wp:attachment":[{"href":"https:\/\/tesol-hungary.org\/index.php?rest_route=%2Fwp%2Fv2%2Fmedia&parent=84"}],"curies":[{"name":"wp","href":"https:\/\/api.w.org\/{rel}","templated":true}]}}